 is 11 + 1120?
1131
In base 3, what is 22 + -211102?
-211010
In base 16, what is -12 + f2?
e0
In base 8, what is -3 - 2703?
-2706
In base 16, what is 69 - 1?
68
In base 10, what is 3820 + 3?
3823
In base 10, what is -3 + -23?
-26
In base 9, what is -1142 - -16?
-1125
In base 6, what is -111 + -2?
-113
In base 3, what is 10 + -1012020?
-1012010
In base 16, what is 7 - 1d?
-16
In base 12, what is -5 + 58?
53
In base 7, what is 4301 - -4?
4305
In base 8, what is 1321 - -22?
1343
In base 2, what is 10 - 10110001010?
-10110001000
In base 5, what is 131 - -2?
133
In base 3, what is 10200200 - 0?
10200200
In base 10, what is -2389 - 2?
-2391
In base 4, what is 30 - -111?
201
In base 14, what is 0 - -3b?
3b
In base 2, what is 101111 - -1101000?
10010111
In base 16, what is 5 + 1b?
20
In base 7, what is -3 - 643?
-646
In base 7, what is -1415 - -3?
-1412
In base 11, what is 134 + -a?
125
In base 3, what is 121 - 12?
102
In base 15, what is -a4e + -3?
-a52
In base 7, what is -3 - -53?
50
In base 8, what is -605 - 1?
-606
In base 13, what is -2 - 8b2?
-8b4
In base 11, what is -1 + 90?
8a
In base 14, what is 20d + -4?
209
In base 15, what is -4 - -4b?
47
In base 2, what is 110 - -110100011?
110101001
In base 10, what is 225 + -112?
113
In base 2, what is -11 + -10100100?
-10100111
In base 8, what is -2 - -402?
400
In base 3, what is 11220 - 2?
11211
In base 14, what is 309 + 0?
309
In base 5, what is -10 - 1040?
-1100
In base 3, what is 10 + -21022?
-21012
In base 13, what is a7 + 4?
ab
In base 7, what is -3 - 1523?
-1526
In base 5, what is 2221 + 10?
2231
In base 2, what is 10011011 + 11001?
10110100
In base 5, what is -1414113 + -4?
-1414122
In base 15, what is -6a9 + 4?
-6a5
In base 7, what is 10 + 31?
41
In base 9, what is 4 - -316?
321
In base 16, what is -1 - -32?
31
In base 9, what is 825 + -2?
823
In base 10, what is 1 - 4337?
-4336
In base 13, what is 2 + 17?
19
In base 4, what is -10112 + 0?
-10112
In base 16, what is 153 - -4?
157
In base 2, what is 1 + -101101101110?
-101101101101
In base 4, what is 21 + 30?
111
In base 3, what is -1 - -1010?
1002
In base 15, what is -12a + 5?
-125
In base 2, what is 10101111 - -11?
10110010
In base 6, what is -3 - 152?
-155
In base 7, what is 1 + 331?
332
In base 14, what is -1 + -306?
-307
In base 2, what is -11111001011101 + 100?
-11111001011001
In base 3, what is 10020 + -10?
10010
In base 3, what is 11 - 1001?
-220
In base 4, what is 322312 + 2?
322320
In base 4, what is -11 - 2101?
-2112
In base 13, what is 1 - -84?
85
In base 16, what is -4 + 54?
50
In base 12, what is 17 + -32?
-17
In base 8, what is -16733 + -3?
-16736
In base 7, what is 4 - 1113?
-1106
In base 16, what is 3f58 - 5?
3f53
In base 6, what is -5 + 2140?
2131
In base 12, what is -16 - 2?
-18
In base 15, what is -48d - 4?
-492
In base 11, what is -82 - -1a?
-63
In base 2, what is -1010000 - 111?
-1010111
In base 16, what is 115 + 15?
12a
In base 5, what is -2120 - -4?
-2111
In base 6, what is -4 - -1053?
1045
In base 13, what is 2 - 28?
-26
In base 3, what is 21112 - -12?
21201
In base 7, what is -133 - 63?
-226
In base 9, what is -58 + -26?
-85
In base 3, what is -11 - 222010?
-222021
In base 8, what is -67 - -66?
-1
In base 13, what is 0 - -c39?
c39
In base 9, what is 0 - -47?
47
In base 9, what is -56 - -51?
-5
In base 7, what is 66 + 56?
155
In base 6, what is -3 - 153?
-200
In base 6, what is 20 + -232?
-212
In base 9, what is -168 - -13?
-155
In base 9, what is 383 - -4?
387
In base 15, what is 9 + 76?
80
In base 8, what is 53 + 30?
103
In base 3, what is -122222 - 1?
-200000
In base 6, what is -10 + 212?
202
In base 15, what is -4 + 61?
5c
In base 2, what is -1001 - 100010001?
-100011010
In base 13, what is -6 - -7bc?
7b6
In base 2, what is -10001 + -11010000?
-11100001
In base 2, what is 10010001101 - -10?
10010001111
In base 8, what is 1 - 3412?
-3411
In base 14, what is -3bb + 26?
-395
In base 12, what is -99 - 96?
-173
In base 14, what is 5 - -91?
96
In base 12, what is 5 - -59?
62
In base 11, what is 616 - 5?
611
In base 2, what is -1101 - -1001101?
1000000
In base 3, what is 2 - -1112211?
1112220
In base 8, what is 12 + 7?
21
In base 15, what is 4ba - -5?
4c0
In base 16, what is 1 + 2a?
2b
In base 3, what is -220110111 + -1?
-220110112
In base 13, what is -2c - 4?
-33
In base 6, what is 12 - -3323?
3335
In base 10, what is -49 - -4?
-45
In base 11, what is 2 + 300?
302
In base 7, what is 554 - -1?
555
In base 11, what is -170 + 5?
-166
In base 15, what is 2 - 120?
-11d
In base 10, what is -290 - 3?
-293
In base 3, what is -1101022 - 10?
-1101102
In base 7, what is -5 - 23?
-31
In base 2, what is -10000 - 100010000?
-100100000
In base 4, what is 2 + -103302?
-103300
In base 13, what is a - 40?
-33
In base 7, what is -12 + 21?
6
In base 6, what is 10422 + 0?
10422
In base 16, what is 1d2 + 2?
1d4
In base 5, what is -10 + 30421?
30411
In base 4, what is 20 + 10?
30
In base 9, what is 4 - -17?
22
In base 8, what is 151122 + -3?
151117
In base 10, what is -192 - -3?
-189
In base 3, what is -10201022 - -12?
-10201010
In base 9, what is -117 - -5?
-112
In base 13, what is -4 - -39?
35
In base 7, what is 0 - 265?
-265
In base 2, what is 101 - 111?
-10
In base 9, what is 4 - 251?
-246
In base 10, what is -4 + 2121?
2117
In base 9, what is 1 + -2480?
-2478
In base 2, what is -100 + 11111?
11011
In base 14, what is c68 + -2?
c66
In base 13, what is 5 + -96c?
-967
In base 5, what is -2 + -314?
-321
In base 3, what is 102020 - 1000?
101020
In base 10, what is 422 - -4?
426
In base 7, what is -635 + 1?
-634
In base 16, what is 13 + -4a?
-37
In base 15, what is 776 - 1?
775
In base 9, what is 112 + -6?
105
In base 4, what is -11 + -2013?
-2030
In base 12, what is 1 - 4117?
-4116
In base 13, what is 1 - -1400?
1401
In base 10, what is -175 - 3?
-178
In base 14, what is 11 + 77?
88
In base 6, what is 2 + 304?
310
In base 8, what is -1 + 170?
167
In base 5, what is -2 - -1102?
1100
In base 15, what is -e + 2c?
1d
In base 10, what is 2 - -72?
74
In base 8, what is -13 + 274?
261
In base 2, what is 110 - 101001010?
-101000100
In base 5, what is -1 + 10013?
10012
In base 10, what is -43 + 2?
-41
In base 15, what is -27a + -3?
-27d
In base 13, what is 1c - -a?
29
In base 14, what is -73dd + 5?
-73d8
In base 12, what is 8 + 12b9?
1305
In base 8, what is -1 - 1210?
-1211
In base 7, what is -11 - 342?
-353
In base 2, what is 101001110101101 + -10?
101001110101011
In base 9, what is 4 - 1361?
-1356
In base 3, what is -1101 + -12?
-1120
In base 3, what is -21111010 + 20?
-21110220
In base 10, what is -5 - -571?
566
In base 10, what is 51 - -17?
68
In base 2, what is 1011100 - 11?
1011001
In base 5, what is 2303 + -2?
2301
In base 13, what is -2c + 7?
-25
In base 11, what is 5 - -60?
65
In base 7, what is -2210 + 3?
-2204
In base 2, what is 10100000 - 10?
10011110
In base 5, what is 2 + 11200?
11202
In base 15, what is -1 + -9e?
-a0
In base 13, what is 4 - -671?
675
In base 15, what is -20e2 - 3?
-20e5
In base 3, what is 122 - -200?
1022
In base 10, what is 264 + -18?
246
In base 7, what is -131 - -134?
3
In base 9, what is -4 + -1333?
-1337
In base 14, what is -9c5 + -3?
-9c8
In base 6, what is -144313 - -5?
-144304
In base 2, what is 11 - -111101100?
111101111
In base 14, what is 8d - 4?
89
In base 8, what is -23 + -251?
-274
In base 4, what is -113 - 1012?
-1131
In base 10, what is 1 + 22?
23
In base 4, what is 1 + 32300?
32301
In base 2, what is 1000100 + -101?
111111
In base 6, what is 0 - 110?
-110
In base 4, what is 2113330 + -11?
2113313
In base 3, what is 2 - 2221121?
-2221112
In base 10, what is -2 + 200?
198
In base 14, what is -c - -215?
207
In base 10, what is 6 - 131?
-125
In base 2, what is 10 - 0?
10
In base 5, what is -130240 - -2?
-130233
In base 3, what is -1012 + 1012?
0
In base 11, what is 151 + 0?
151
In base 12, what is 7 + -10?
-5
In base 5, what is 1243 + 241?
2034
In base 6, what is -1534 + -2?
-1540
In base 8, what is -2 - -6242?
6240
In base 16, what is -13 + -1f1?
-204
In base 15, what is 4 - -14d?
152
In base 12, what is 18 + -8?
10
In base 7, what is 223 + -12?
211
In base 11, what is -10 - 20a?
-21a
In base 10, what is 15 - -819?
834
In base 12, what is -72 + 77?
5
In base 14, what is 56b + 2?
56d
In base 12, what is 